0 - -3*1. Suppose 4*r = f + 70. What are the prime factors of r?
2, 3
Let a(i) = i**2 - 7*i - 6. Let u be a(5). Let c = -10 - u. What are the prime factors of c?
2, 3
Let q = 9 - 3. Let i(n) = q*n - 2*n - 3*n. List the prime factors of i(8).
2
Let t = 38 - 30. List the prime factors of t.
2
List the prime factors of (-1)/2*(5 - 3)*-226.
2, 113
Let a be 2/3 - (-965)/15. Suppose 0*x - d = -2*x + 37, a = 5*x + 3*d. List the prime factors of x.
2
Let h = -2 - -6. Suppose -3*n = h*q - 16, -5*q + 6 = -n + 3*n. What are the prime factors of n?
2
Let w = -20 - -8. Suppose 4*k - 30 = -3*o, -4*o - 3*k + 0*k + 33 = 0. Let b = o - w. What are the prime factors of b?
2, 3
Let x(b) = -b**3 - 7*b**2 + 12*b - 9. Let d be x(-9). Suppose 3*j - d - 51 = 0. What are the prime factors of j?
2
Let i = 43 + -30. Suppose i = 5*k - 32. What are the prime factors of k?
3
Let i(t) = -t**3 - 5*t**2 + 5*t. Let c be i(-6). Let z = -23 + 25. Suppose -2*f = -c - z. What are the prime factors of f?
2
Suppose 2*v - v - b - 9 = 0, 0 = 4*b + 12. Suppose -v - 26 = -4*d. What are the prime factors of d?
2
Suppose n - 62 + 9 = 0. Let k = 76 - n. List the prime factors of k.
23
Suppose r - 2*l = 12, 4*l + 15 = 3*r + 5*l. List the prime factors of 1/((r/(-21))/(-2)).
7
Let k be 4/10 + 8/5. Let h = -11 + 26. Let u = h + k. List the prime factors of u.
17
Suppose -u = -2*q - 22, 5*u = q + q + 118. Suppose 3*s = -3*o + u, 2*o = 2*s - 6*s + 36. Suppose 2*l + 0 - s = 0. List the prime factors of l.
5
Let j be (3/1)/(2 - 1). Suppose 2*p - 10 = 8. Suppose -f - p = u + 4*u, -j*f + 4*u + 30 = 0. List the prime factors of f.
2, 3
Let d be -3 - -2 - (-12)/4. Suppose 3*u = -4*g - 0*u + 148, -4*g - d*u = -148. List the prime factors of g.
37
Suppose 3*s = -103 + 253. Suppose -6*h + s = -h. What are the prime factors of h?
2, 5
What are the prime factors of 4 - 90/25 - (-688)/5?
2, 3, 23
Suppose 0 = -s - 43 + 5. Let c = s - -62. Let y = c + -14. List the prime factors of y.
2, 5
Let q = -113 - -249. List the prime factors of q.
2, 17
Let v(w) = -13*w**3 - 2*w + 1. Let h be v(1). Let u = 24 + h. What are the prime factors of u?
2, 5
What are the prime factors of 4/(-6) - (272/(-3) + 1)?
89
Let a = -12 - -49. What are the prime factors of a?
37
Let l(g) = -g**2 + 12*g + 13 - 13. Let u be l(11). Let a = -6 + u. What are the prime factors of a?
5
Let w(g) = g. Let c(i) = 6*i - 15. Let l(x) = c(x) - 4*w(x). List the prime factors of l(11).
7
Let y = -7 - -11. Let c be (-207)/6*y/(-6). Let j = -13 + c. What are the prime factors of j?
2, 5
Let x = 27 - 22. Suppose o + 2*k - 1 = 0, 4*k = -x*o + 2*o + 9. List the prime factors of o.
7
Suppose -50 = 3*r - 230. List the prime factors of r.
2, 3, 5
Suppose -2 + 5 = -a. Let s(t) = 6 + t**2 + 1 - 3. What are the prime factors of s(a)?
13
Let l(c) = c - 9. Let s be l(9). Let t(k) = k**2 - k + 15. List the prime factors of t(s).
3, 5
Suppose -2*a = -4*w - 52, 14 = a + 2*w - 4. List the prime factors of a.
2, 11
Suppose 0 = -16*w + 11*w + 80. What are the prime factors of w?
2
Suppose -b = -5*h - 30, 0*b - 2*h = -3*b + 90. What are the prime factors of b?
2, 3, 5
Let w be (-2)/10 + (-44)/(-20). What are the prime factors of (-45)/(1 - 4) - w?
13
Let i(m) = 26*m**3 - 2*m**2 + m. What are the prime factors of i(1)?
5
Suppose 0*m = -5*m - 20. Let w = m + 8. List the prime factors of w.
2
Let a = -32 + 74. What are the prime factors of a?
2, 3, 7
Let h be 3*((-6)/9)/(-1). Suppose -14 + h = -u. What are the prime factors of u?
2, 3
Suppose n - 55 = 4*s, 160 = 5*n + s + 2*s. List the prime factors of n.
5, 7
Let x = -5 - -5. Suppose x = -9*t + 4*t + 50. Let s = t + 3. List the prime factors of s.
13
Let u be 6/(-21) + 4/14. Suppose u = z + 5*n - 11, -z - 2*z + 3*n = -51. List the prime factors of z.
2
Let b(z) = -z**3 + 7*z**2 + 2*z - 10. Let l be b(7). List the prime factors of ((-3)/2)/((-3)/l).
2
Let o be ((-4)/5)/(4/(-50)). Suppose 2*r + 5*i - 61 = 0, -i - 21 - o = -2*r. Suppose -a - 3 = -r. What are the prime factors of a?
3, 5
Suppose -u - 7*u + 1544 = 0. What are the prime factors of u?
193
Let k(z) = -z - 5. Let n be k(-10). Suppose 0 = -n*c + 3*c - 6. What are the prime factors of 66/4 + c/6?
2
Let l = -14 - -16. What are the prime factors of l*5 - (5 - 7)?
2, 3
Suppose 0 = t - 4*j - 8, 2*t - 2 - 9 = 3*j. Let m be (8 + 1)/(3/t). Let w = m + -3. What are the prime factors of w?
3
Let d(h) = h**2 + 7. Let v be d(0). Let z(r) = r**3 - 7*r**2 + 2*r + 2. List the prime factors of z(v).
2
List the prime factors of 186/5 - (-12)/15.
2, 19
Suppose -17*x = -13*x - 24. List the prime factors of x*3*(-64)/(-36).
2
Let c be (-2)/4 + (-5)/2. Let o = 1 - c. Let k(f) = f**3 - 3*f**2 - 2*f - 4. What are the prime factors of k(o)?
2
Suppose -2*w - 84 = -4*w. Suppose -7*k + 5*k + w = 0. What are the prime factors of k?
3, 7
Let a = -6 + 20. Suppose -a = -4*i + 4*v + 10, i + 4*v = 21. Let m = i - 3. List the prime factors of m.
2, 3
Let b = 15 - 2. Suppose 2*q = -18 + 2. Let f = q + b. List the prime factors of f.
5
Let y(m) = m**2 - 6*m + 20. Let u be y(8). Let x(p) = p**3 - 6*p**2 + 4*p + 5. Let h be x(5). Suppose 3*b + 3 - u = h. List the prime factors of b.
11
Suppose -10 = -2*n + 4*i, 4*n = -6*i + 2*i + 80. Let r(k) = 2*k**2 - 4*k - 1. Let o be r(3). List the prime factors of 32/o + (-6)/n.
2, 3
Let z be (18/(-8))/(1/(-4)). Suppose -j + 8 = -z. What are the prime factors of j?
17
Suppose 2*k + 3*h - 1 - 18 = 0, 18 = -k + 4*h. Suppose k*u + 0*u = 26. What are the prime factors of u?
13
Let m be (-4 - -2)/(6/(-9)). List the prime factors of (-1)/m - (-80)/15.
5
Let d = 8 - 0. Suppose 0 = 2*z + d, -147 - 170 = -3*f + 5*z. List the prime factors of f/21 + (-2)/(-7).
5
Let t(s) be the second derivative of -s**5/20 - 2*s**4/3 + s**2/2 - s. Let f be t(-8). Suppose -i = f - 3. List the prime factors of i.
2
Let h = 25 + -36. Let t = -7 - h. Suppose -13 = t*u - 53. List the prime factors of u.
2, 5
Suppose -5*b + 3*m + 547 = -m, -119 = -b - 4*m. List the prime factors of b.
3, 37
Let s = -7 + 8. Let u(h) = -3*h + s - 1. What are the prime factors of u(-4)?
2, 3
Let o be (-1 + 4)/(3/5). Suppose -45 = -3*z - 3*b, -2*b + 20 = 2*z - o*b. List the prime factors of z.
13
Suppose -a + 2*l = 3*l + 47, -4*l = 3*a + 144. List the prime factors of (1 - 0)/((-2)/a).
2, 11
Suppose -4*m + 5*p = -26, -m + p = 3*p. Suppose 4*g + 16 = j, 3*j + m*g + 12 - 28 = 0. What are the prime factors of j?
2
Suppose -2*u + 4*n = 3*u - 42, -u + 3*n + 4 = 0. Let a = u + 8. List the prime factors of a.
2, 3
Suppose -3*r + c = -13, 2*c - 7 = -r + 5*c. Let b be ((-2)/r)/((-1)/92). Suppose -5*z - 14 + b = g, 0 = 4*g + 12. What are the prime factors of z?
7
Let j = 58 + -40. Suppose j + 1 = k. List the prime factors of k.
19
Let q = 1 + -9. Let n be 3*-10*(-2)/12. List the prime factors of (22/q)/(n/(-20)).
11
Let i(p) = -p**2 - 18*p + 10. List the prime factors of i(-15).
5, 11
Suppose 6*w = 422 + 706. List the prime factors of w.
2, 47
Let b(c) be the third derivative of c**5/12 + c**4/24 + c**3/6 + 2*c**2. Let f(a) = a**3 - 3*a**2 + 3*a - 3. Let z be f(2). What are the prime factors of b(z)?
5
Let p = -4 - -6. Let b be p/9 - (-16)/9. Suppose -b*i = i - 33. List the prime factors of i.
11
What are the prime factors of -57*310/(-75) - 6/10?
5, 47
Suppose 0 = k + 3, 4*u + k = -u - 273. List the prime factors of (-4)/(-8) - u/4.
2, 7
List the prime factors of (47/3)/((-19)/(-171)).
3, 47
Suppose -40 = -5*l + l. Let o = 7 + -4. Suppose 0 = x - l + o. List the prime factors of x.
7
Let l = -24 - -61. Suppose d - l = 5*z, 2*d - 4*z - 38 = d. List the prime factors of d.
2, 3, 7
Let b(y) = 10*y**2 - 2*y + 1. Let r = 13 + -8. Suppose 0 = -2*l - 2, -5 - 5 = -r*j + 5*l. List the prime factors of b(j).
3
Suppose -9 = 2*q - 5*q. Suppose -5*x + m + 72 = 0, m + 6 = q*m. What are the prime factors of x?
3, 5
Suppose 0 = -8*t + 10*t - 156. List the prime factors of t.
2, 3, 13
Let w = 14 - 10. Suppose 0 = -3*a + 2*y - 4*y + 33, w*y = 12. Let f(c) = -c + 20. What are the prime factors of f(a)?
11
Suppose -36*n + 410 = -34*n. What are the prime factors of n?
5, 41
Suppose 14*s - 72 = 6*s. List the prime factors of s.
3
Let m = -42 + 92. List the prime factors of m.
2, 5
Let v be (-1)/4 - (-85)/20. Let n = 14 + v. What are the pr